rime factors of 580825?
5, 7, 3319
What are the prime factors of 17961683?
1291, 13913
What are the prime factors of 152576?
2, 149
List the prime factors of 10112998.
2, 7, 43, 107, 157
List the prime factors of 415127.
23, 18049
What are the prime factors of 3055607?
41, 74527
What are the prime factors of 1119825?
3, 5, 7, 79
List the prime factors of 391870.
2, 5, 149, 263
What are the prime factors of 10695609?
3, 521, 2281
What are the prime factors of 317223?
3, 31, 379
What are the prime factors of 3118466?
2, 13, 277, 433
What are the prime factors of 508620?
2, 3, 5, 7, 173
What are the prime factors of 624392?
2, 78049
What are the prime factors of 23553845?
5, 7, 672967
List the prime factors of 2712135.
3, 5, 47, 3847
What are the prime factors of 6687007?
283, 23629
What are the prime factors of 1186949?
19, 179, 349
What are the prime factors of 449427?
3, 11, 13619
List the prime factors of 1991006.
2, 17, 31, 1889
List the prime factors of 168789.
3, 56263
List the prime factors of 1484651.
7, 41, 739
List the prime factors of 527085.
3, 5, 13, 17, 53
What are the prime factors of 23588?
2, 5897
List the prime factors of 782638.
2, 113, 3463
What are the prime factors of 975273?
3, 13, 17, 1471
List the prime factors of 9424803.
3, 3141601
What are the prime factors of 1632798?
2, 3, 10079
List the prime factors of 23888.
2, 1493
List the prime factors of 747273.
3, 223, 1117
What are the prime factors of 84829?
41, 2069
What are the prime factors of 11805911?
13, 283, 3209
List the prime factors of 3542.
2, 7, 11, 23
List the prime factors of 29830.
2, 5, 19, 157
What are the prime factors of 1034750?
2, 5, 4139
What are the prime factors of 1065486?
2, 3, 311, 571
List the prime factors of 162510.
2, 3, 5, 5417
List the prime factors of 39685422.
2, 3, 7, 653, 1447
What are the prime factors of 514808?
2, 7, 29, 317
List the prime factors of 85385.
5, 17077
What are the prime factors of 479659?
41, 11699
List the prime factors of 6830550.
2, 3, 5, 43, 353
List the prime factors of 145782.
2, 3, 7, 13, 89
List the prime factors of 4442.
2, 2221
List the prime factors of 142979.
142979
What are the prime factors of 317945?
5, 63589
List the prime factors of 1242290.
2, 5, 7, 17747
What are the prime factors of 632355?
3, 5, 42157
What are the prime factors of 13254577?
7, 17, 31, 3593
What are the prime factors of 1090470?
2, 3, 5, 163, 223
List the prime factors of 1112307.
3, 7, 52967
What are the prime factors of 422268?
2, 3, 7, 11, 457
List the prime factors of 221692.
2, 19, 2917
List the prime factors of 560470.
2, 5, 41, 1367
What are the prime factors of 271600?
2, 5, 7, 97
What are the prime factors of 698454?
2, 3, 38803
What are the prime factors of 1311355?
5, 262271
What are the prime factors of 14582467?
14582467
What are the prime factors of 108101?
7, 15443
List the prime factors of 4182948.
2, 3, 7, 11, 503
What are the prime factors of 589673?
7, 84239
What are the prime factors of 167153?
7, 23879
What are the prime factors of 359760?
2, 3, 5, 1499
List the prime factors of 214293.
3, 61, 1171
What are the prime factors of 5133119?
5133119
What are the prime factors of 12176735?
5, 353, 6899
What are the prime factors of 1005952?
2, 29, 271
List the prime factors of 14785297.
23, 41, 15679
What are the prime factors of 2660152?
2, 11, 19, 37, 43
List the prime factors of 4273778.
2, 2136889
List the prime factors of 6908349.
3, 7, 23, 14303
What are the prime factors of 4875802?
2, 41, 97, 613
What are the prime factors of 25264?
2, 1579
What are the prime factors of 2939883?
3, 23, 137, 311
List the prime factors of 1485968.
2, 11, 8443
What are the prime factors of 239096?
2, 11, 13, 19
List the prime factors of 1255758.
2, 3, 7, 29, 1031
What are the prime factors of 5026530?
2, 3, 5, 137, 1223
What are the prime factors of 648447?
3, 216149
List the prime factors of 5045549.
17, 296797
List the prime factors of 35940032.
2, 137, 4099
List the prime factors of 118581.
3, 29, 47
What are the prime factors of 157079?
13, 43, 281
List the prime factors of 1151002.
2, 17, 97, 349
List the prime factors of 39349.
19, 109
List the prime factors of 12967114.
2, 31, 209147
List the prime factors of 125845.
5, 25169
What are the prime factors of 181717?
181717
List the prime factors of 182251.
59, 3089
What are the prime factors of 13370913?
3, 383, 431
List the prime factors of 1174868.
2, 293717
List the prime factors of 321955.
5, 19, 3389
List the prime factors of 317756.
2, 19, 37, 113
What are the prime factors of 5661392?
2, 11, 19, 1693
List the prime factors of 75601.
19, 23, 173
What are the prime factors of 331708?
2, 13, 6379
List the prime factors of 17630613.
3, 7, 11, 13, 19, 103
List the prime factors of 5547622.
2, 113, 24547
What are the prime factors of 4779777?
3, 61, 26119
List the prime factors of 82349.
82349
What are the prime factors of 3961651?
3961651
What are the prime factors of 1207820?
2, 5, 131, 461
List the prime factors of 178855.
5, 35771
List the prime factors of 16162506.
2, 3, 419, 2143
What are the prime factors of 3377656?
2, 37, 11411
What are the prime factors of 1348632?
2, 3, 18731
List the prime factors of 1962829.
11, 178439
What are the prime factors of 2469242?
2, 193, 6397
List the prime factors of 23196631.
23196631
List the prime factors of 26400.
2, 3, 5, 11
List the prime factors of 9037.
7, 1291
List the prime factors of 13876318.
2, 17, 408127
List the prime factors of 1870010.
2, 5, 41, 4561
List the prime factors of 234082.
2, 117041
What are the prime factors of 52706?
2, 19, 73
List the prime factors of 432673.
41, 61, 173
List the prime factors of 413996.
2, 11, 97
What are the prime factors of 44685?
3, 5, 331
List the prime factors of 2911533.
3, 41, 23671
What are the prime factors of 2327378?
2, 1163689
What are the prime factors of 5562567?
3, 206021
List the prime factors of 193148.
2, 109, 443
What are the prime factors of 555190?
2, 5, 59, 941
List the prime factors of 839894.
2, 11, 38177
List the prime factors of 3079316.
2, 43, 17903
List the prime factors of 41559.
3, 7, 1979
List the prime factors of 94052.
2, 7, 3359
List the prime factors of 6489507.
3, 19, 257, 443
What are the prime factors of 12556357?
11, 37, 30851
List the prime factors of 202681.
29, 241
What are the prime factors of 25467?
3, 13, 653
What are the prime factors of 2938010?
2, 5, 79, 3719
What are the prime factors of 30503231?
11, 2773021
List the prime factors of 869686.
2, 17, 25579
List the prime factors of 344995.
5, 7, 9857
List the prime factors of 111067.
11, 23, 439
What are the prime factors of 21310898?
2, 7, 41, 137, 271
What are the prime factors of 5697438?
2, 3, 571, 1663
What are the prime factors of 16663637?
67, 73, 3407
What are the prime factors of 1135870?
2, 5, 97, 1171
List the prime factors of 108573.
3, 36191
List the prime factors of 12130.
2, 5, 1213
What are the prime factors of 946220?
2, 5, 11, 17, 23
What are the prime factors of 1639926?
2, 3, 53, 191
What are the prime factors of 458325?
3, 5, 7, 97
List the prime factors of 3256191.
3, 361799
What are the prime factors of 794208?
2, 3, 8273
What are the prime factors of 1327107?
3, 277, 1597
What are the prime factors of 2241448?
2, 11, 25471
List the prime factors of 1601697.
3, 23, 139, 167
What are the prime factors of 446251?
13, 34327
List the prime factors of 8851299.
3, 1447, 2039
List the prime factors of 1655116.
2, 413779
List the prime factors of 4202321.
4202321
List the prime factors of 653752.
2, 11, 17, 19, 23
List the prime factors of 232677.
3, 103, 251
What are the prime factors of 3961841?
13, 304757
What are the prime factors of 9458039?
109, 86771
List the prime factors of 680249.
680249
List the prime factors of 5009970.
2, 3, 5, 7, 23857
List the prime factors of 246663.
3, 27407
What are the prime factors of 12808126?
2, 6404063
What are the prime factors of 2708900?
2, 5, 103, 263
What are the prime factors of 6131209?
7, 29, 30203
List the prime factors of 177201.
3, 6563
What are the prime factors of 3634784?
2, 97, 1171
List the prime factors of 542247.
3, 180749
What are the prime factors of 5431336?
2, 283, 2399
List the prime factors of 9148435.
5, 